, 43, 59
What are the prime factors of 35821265?
5, 7164253
List the prime factors of 1277428.
2, 319357
List the prime factors of 160654.
2, 13, 37, 167
List the prime factors of 431366.
2, 13, 47, 353
List the prime factors of 16346486.
2, 13, 17, 31, 1193
What are the prime factors of 1490899?
1490899
List the prime factors of 37032.
2, 3, 1543
List the prime factors of 4439301.
3, 337, 4391
What are the prime factors of 5845461?
3, 487, 4001
List the prime factors of 7816609.
41, 190649
List the prime factors of 7424.
2, 29
What are the prime factors of 835519?
29, 47, 613
What are the prime factors of 93912?
2, 3, 7, 13, 43
List the prime factors of 9038285.
5, 29, 83, 751
What are the prime factors of 6933424?
2, 317, 1367
List the prime factors of 176757.
3, 7, 19, 443
List the prime factors of 851090.
2, 5, 85109
What are the prime factors of 8437683?
3, 461, 6101
What are the prime factors of 448906?
2, 389, 577
What are the prime factors of 474352?
2, 23, 1289
What are the prime factors of 1154803?
13, 211, 421
List the prime factors of 6543663.
3, 7, 311603
What are the prime factors of 1854670?
2, 5, 185467
What are the prime factors of 5330525?
5, 79, 2699
What are the prime factors of 5414114?
2, 2707057
List the prime factors of 954472.
2, 229, 521
List the prime factors of 1198624.
2, 7, 5351
List the prime factors of 943787.
13, 19, 3821
List the prime factors of 27484204.
2, 11, 67, 9323
List the prime factors of 348525.
3, 5, 1549
List the prime factors of 4471459.
17, 83, 3169
What are the prime factors of 198757?
13, 15289
List the prime factors of 322978.
2, 167, 967
What are the prime factors of 33436971?
3, 29, 128111
What are the prime factors of 537861?
3, 179287
List the prime factors of 333522.
2, 3, 7, 2647
What are the prime factors of 824853?
3, 274951
List the prime factors of 20574150.
2, 3, 5, 19, 7219
List the prime factors of 43591.
43591
List the prime factors of 932305.
5, 11, 23, 67
What are the prime factors of 2273374?
2, 131, 8677
What are the prime factors of 2079422?
2, 367, 2833
List the prime factors of 379032.
2, 3, 17, 929
What are the prime factors of 1394527?
17, 82031
List the prime factors of 161698.
2, 80849
What are the prime factors of 4912114?
2, 2456057
What are the prime factors of 783205?
5, 156641
What are the prime factors of 54744?
2, 3, 2281
List the prime factors of 1941964.
2, 31, 15661
What are the prime factors of 12158942?
2, 53, 251, 457
What are the prime factors of 7185441?
3, 17, 140891
What are the prime factors of 1112735?
5, 13, 17, 19, 53
List the prime factors of 1324391.
1324391
What are the prime factors of 45276080?
2, 5, 89, 6359
What are the prime factors of 242389?
7, 31, 1117
List the prime factors of 10296450.
2, 3, 5, 29, 263
What are the prime factors of 307880?
2, 5, 43, 179
List the prime factors of 4941999.
3, 183037
List the prime factors of 205239.
3, 37, 43
What are the prime factors of 192542?
2, 7, 17, 809
What are the prime factors of 4757088?
2, 3, 7, 7079
List the prime factors of 209004.
2, 3, 17417
What are the prime factors of 14865048?
2, 3, 11, 137
What are the prime factors of 16334690?
2, 5, 277, 5897
List the prime factors of 21884527.
7, 83, 5381
List the prime factors of 1012801.
31, 37, 883
List the prime factors of 248390.
2, 5, 59, 421
What are the prime factors of 2658314?
2, 29, 45833
List the prime factors of 12874228.
2, 97, 33181
What are the prime factors of 939758?
2, 469879
List the prime factors of 61930.
2, 5, 11, 563
List the prime factors of 157251.
3, 23, 43, 53
List the prime factors of 82141.
82141
List the prime factors of 12754602.
2, 3, 7, 14461
What are the prime factors of 600561?
3, 13, 29, 59
What are the prime factors of 129377?
67, 1931
What are the prime factors of 15729391?
15729391
What are the prime factors of 29624?
2, 7, 23
List the prime factors of 7762301.
7762301
List the prime factors of 21224034.
2, 3, 13, 6977
List the prime factors of 56836.
2, 13, 1093
List the prime factors of 61675.
5, 2467
What are the prime factors of 22403421?
3, 31, 59, 1361
List the prime factors of 98778.
2, 3, 101, 163
List the prime factors of 3148294.
2, 673, 2339
What are the prime factors of 875820?
2, 3, 5, 11, 1327
List the prime factors of 12076508.
2, 3019127
What are the prime factors of 1750464?
2, 3, 1013
List the prime factors of 1004215.
5, 200843
List the prime factors of 5169936.
2, 3, 37, 41, 71
What are the prime factors of 282429?
3, 7, 4483
List the prime factors of 2907520.
2, 5, 7, 11, 59
What are the prime factors of 3277164?
2, 3, 11, 37, 61
List the prime factors of 2384430.
2, 3, 5, 79481
List the prime factors of 238558.
2, 181, 659
List the prime factors of 50967.
3, 7, 809
List the prime factors of 2549063.
11, 97, 2389
List the prime factors of 1019121.
3, 339707
List the prime factors of 3750554.
2, 1875277
What are the prime factors of 2434597?
11, 221327
What are the prime factors of 2190849?
3, 730283
List the prime factors of 138620.
2, 5, 29, 239
List the prime factors of 6088902.
2, 3, 1014817
List the prime factors of 152561.
41, 61
What are the prime factors of 13736394?
2, 3, 7, 41, 2659
List the prime factors of 793518.
2, 3, 11, 1093
What are the prime factors of 10864825?
5, 434593
List the prime factors of 5129838.
2, 3, 7, 41, 331
List the prime factors of 13368947.
13368947
List the prime factors of 172777.
11, 113, 139
List the prime factors of 161562.
2, 3, 26927
What are the prime factors of 10933405?
5, 7, 312383
List the prime factors of 337543.
337543
What are the prime factors of 341791?
19, 17989
What are the prime factors of 5480852?
2, 13, 105401
List the prime factors of 24738671.
347, 71293
What are the prime factors of 351274?
2, 7, 11, 2281
List the prime factors of 9381177.
3, 13, 59, 151
What are the prime factors of 3166194?
2, 3, 527699
List the prime factors of 9379847.
29, 323443
What are the prime factors of 15253324?
2, 23, 37, 4481
List the prime factors of 14314404.
2, 3, 13, 89, 1031
List the prime factors of 668445.
3, 5, 44563
List the prime factors of 889415.
5, 177883
List the prime factors of 7832407.
11, 29, 43, 571
List the prime factors of 6816988.
2, 41, 197, 211
List the prime factors of 129103.
13, 9931
What are the prime factors of 406185?
3, 5, 13, 2083
List the prime factors of 147192.
2, 3, 6133
What are the prime factors of 3156665?
5, 179, 3527
What are the prime factors of 131650?
2, 5, 2633
What are the prime factors of 7051655?
5, 13, 157, 691
List the prime factors of 493532.
2, 13, 9491
What are the prime factors of 11457852?
2, 3, 7, 136403
What are the prime factors of 31820?
2, 5, 37, 43
List the prime factors of 17127997.
139, 149, 827
List the prime factors of 1121510.
2, 5, 13, 8627
List the prime factors of 11796902.
2, 13, 619, 733
List the prime factors of 13830647.
233, 59359
List the prime factors of 1179486.
2, 3, 7, 11, 23, 37
What are the prime factors of 1041286?
2, 71, 7333
What are the prime factors of 688536?
2, 3, 73, 131
List the prime factors of 836150.
2, 5, 7, 2389
What are the prime factors of 67232?
2, 11, 191
List the prime factors of 14901894.
2, 3, 7, 17, 773
List the prime factors of 1560086.
2, 11, 70913
List the prime factors of 1820503.
251, 7253
What are the prime factors of 7929032?
2, 991129
What are the prime factors of 7795723?
13, 521, 1151
List the prime factors of 6904865.
5, 11, 101, 113
List the prime factors of 1952792.
2, 23, 10613
What are the prime factors of 92523?
3, 30841
What are the prime factors of 926769?
3, 308923
What are the prime factors of 173063?
11, 15733
What are the prime factors of 139532?
2, 34883
What are the prime factors of 35728?
2, 7, 11, 29
What are the prime factors of 4218974?
2, 883, 2389
List the prime factors of 214923.
3, 31, 2311
What are the prime factors of 279738?
2, 3, 15541
What are the prime factors of 147717?
3, 5471
List the prime factors of 19378.
2, 9689
List the prime factors of 13777409.
13777409
List the prime factors of 7798347.
3, 157, 5519
List the prime factors of 98405.
5, 19681
What are the prime factors of 5827926?
2, 3, 13, 74717
What are the prime factors of 6543792?
2, 3, 29, 1567
What are the prime factors of 14170945?
5, 17, 2